{"id":3809,"date":"2025-11-21T23:11:00","date_gmt":"2025-11-22T04:11:00","guid":{"rendered":"http:\/\/clinicaguane.gov.co\/guane\/?page_id=3809"},"modified":"2025-12-03T13:27:21","modified_gmt":"2025-12-03T18:27:21","slug":"horarios-de-atencion-al-usuario","status":"publish","type":"page","link":"https:\/\/clinicaguane.gov.co\/guane\/horarios-de-atencion-al-usuario\/","title":{"rendered":"Horarios de Atenci\u00f3n al Usuario"},"content":{"rendered":"\n<h3 style=\"text-align: center;\"><strong>HORARIO DE ATENCI\u00d3N CENTRO DE SALUD CUMBRE<\/strong><\/h3>\n<p><a style=\"display: inline !important;\" href=\"http:\/\/clinicaguane.gov.co\/guane\/wp-content\/uploads\/2025\/12\/HORARIO-DE-ATENCION-CENTRO-DE-SALUD-CUMBRE-scaled.jpg\"><img loading=\"lazy\" id=\"longdesc-return-12105\" class=\"wpa-warning wpa-image-missing-alt size-full wp-image-12105\" tabindex=\"-1\" src=\"http:\/\/clinicaguane.gov.co\/guane\/wp-content\/uploads\/2025\/12\/HORARIO-DE-ATENCION-CENTRO-DE-SALUD-CUMBRE-scaled.jpg\" alt=\"\" width=\"2560\" height=\"1431\" longdesc=\"https:\/\/clinicaguane.gov.co\/guane?longdesc=12105&amp;referrer=3809\" data-warning=\"Missing alt text\" srcset=\"https:\/\/clinicaguane.gov.co\/guane\/wp-content\/uploads\/2025\/12\/HORARIO-DE-ATENCION-CENTRO-DE-SALUD-CUMBRE-scaled.jpg 2560w, https:\/\/clinicaguane.gov.co\/guane\/wp-content\/uploads\/2025\/12\/HORARIO-DE-ATENCION-CENTRO-DE-SALUD-CUMBRE-300x168.jpg 300w, https:\/\/clinicaguane.gov.co\/guane\/wp-content\/uploads\/2025\/12\/HORARIO-DE-ATENCION-CENTRO-DE-SALUD-CUMBRE-1024x572.jpg 1024w, https:\/\/clinicaguane.gov.co\/guane\/wp-content\/uploads\/2025\/12\/HORARIO-DE-ATENCION-CENTRO-DE-SALUD-CUMBRE-768x429.jpg 768w, https:\/\/clinicaguane.gov.co\/guane\/wp-content\/uploads\/2025\/12\/HORARIO-DE-ATENCION-CENTRO-DE-SALUD-CUMBRE-1536x858.jpg 1536w, https:\/\/clinicaguane.gov.co\/guane\/wp-content\/uploads\/2025\/12\/HORARIO-DE-ATENCION-CENTRO-DE-SALUD-CUMBRE-2048x1145.jpg 2048w, https:\/\/clinicaguane.gov.co\/guane\/wp-content\/uploads\/2025\/12\/HORARIO-DE-ATENCION-CENTRO-DE-SALUD-CUMBRE-640x358.jpg 640w, https:\/\/clinicaguane.gov.co\/guane\/wp-content\/uploads\/2025\/12\/HORARIO-DE-ATENCION-CENTRO-DE-SALUD-CUMBRE-400x224.jpg 400w, https:\/\/clinicaguane.gov.co\/guane\/wp-content\/uploads\/2025\/12\/HORARIO-DE-ATENCION-CENTRO-DE-SALUD-CUMBRE-367x205.jpg 367w\" sizes=\"(max-width: 2560px) 100vw, 2560px\" \/><\/a><\/p>\n<h3 style=\"text-align: center;\"><strong><br \/>HORARIO DE ATENCI\u00d3N CENTRO DE SALUD JOSE A MORALES<\/strong><\/h3>\n<p><a href=\"http:\/\/clinicaguane.gov.co\/guane\/wp-content\/uploads\/2025\/12\/HORARIO-DE-ATENCION-CENTRO-DE-SALUD-JOSE-A-MORALES-scaled.jpg\"><img loading=\"lazy\" id=\"longdesc-return-12106\" class=\"size-full wp-image-12106\" tabindex=\"-1\" src=\"http:\/\/clinicaguane.gov.co\/guane\/wp-content\/uploads\/2025\/12\/HORARIO-DE-ATENCION-CENTRO-DE-SALUD-JOSE-A-MORALES-scaled.jpg\" alt=\"HORARIO DE ATENCI\u00d3N CENTRO DE SALUD JOSE A MORALES\" width=\"2560\" height=\"1431\" longdesc=\"https:\/\/clinicaguane.gov.co\/guane?longdesc=12106&amp;referrer=3809\" srcset=\"https:\/\/clinicaguane.gov.co\/guane\/wp-content\/uploads\/2025\/12\/HORARIO-DE-ATENCION-CENTRO-DE-SALUD-JOSE-A-MORALES-scaled.jpg 2560w, https:\/\/clinicaguane.gov.co\/guane\/wp-content\/uploads\/2025\/12\/HORARIO-DE-ATENCION-CENTRO-DE-SALUD-JOSE-A-MORALES-300x168.jpg 300w, https:\/\/clinicaguane.gov.co\/guane\/wp-content\/uploads\/2025\/12\/HORARIO-DE-ATENCION-CENTRO-DE-SALUD-JOSE-A-MORALES-1024x572.jpg 1024w, https:\/\/clinicaguane.gov.co\/guane\/wp-content\/uploads\/2025\/12\/HORARIO-DE-ATENCION-CENTRO-DE-SALUD-JOSE-A-MORALES-768x429.jpg 768w, https:\/\/clinicaguane.gov.co\/guane\/wp-content\/uploads\/2025\/12\/HORARIO-DE-ATENCION-CENTRO-DE-SALUD-JOSE-A-MORALES-1536x858.jpg 1536w, https:\/\/clinicaguane.gov.co\/guane\/wp-content\/uploads\/2025\/12\/HORARIO-DE-ATENCION-CENTRO-DE-SALUD-JOSE-A-MORALES-2048x1145.jpg 2048w, https:\/\/clinicaguane.gov.co\/guane\/wp-content\/uploads\/2025\/12\/HORARIO-DE-ATENCION-CENTRO-DE-SALUD-JOSE-A-MORALES-640x358.jpg 640w, https:\/\/clinicaguane.gov.co\/guane\/wp-content\/uploads\/2025\/12\/HORARIO-DE-ATENCION-CENTRO-DE-SALUD-JOSE-A-MORALES-400x224.jpg 400w, https:\/\/clinicaguane.gov.co\/guane\/wp-content\/uploads\/2025\/12\/HORARIO-DE-ATENCION-CENTRO-DE-SALUD-JOSE-A-MORALES-367x205.jpg 367w\" sizes=\"(max-width: 2560px) 100vw, 2560px\" \/><\/a><\/p>\n<p>\u00a0<\/p>\n<h3 style=\"text-align: center;\"><strong>HORARIO DE ATENCI\u00d3N CENTRO DE SALUD LA TRINIDAD<\/strong><\/h3>\n<p><a href=\"http:\/\/clinicaguane.gov.co\/guane\/wp-content\/uploads\/2025\/12\/HORARIO-DE-ATENCION-CENTRO-DE-SALUD-LA-TRINIDAD-scaled.jpg\"><img loading=\"lazy\" id=\"longdesc-return-12107\" class=\"size-full wp-image-12107\" tabindex=\"-1\" src=\"http:\/\/clinicaguane.gov.co\/guane\/wp-content\/uploads\/2025\/12\/HORARIO-DE-ATENCION-CENTRO-DE-SALUD-LA-TRINIDAD-scaled.jpg\" alt=\"HORARIO DE ATENCI\u00d3N CENTRO DE SALUD LA TRINIDAD\" width=\"2560\" height=\"1431\" longdesc=\"https:\/\/clinicaguane.gov.co\/guane?longdesc=12107&amp;referrer=3809\" srcset=\"https:\/\/clinicaguane.gov.co\/guane\/wp-content\/uploads\/2025\/12\/HORARIO-DE-ATENCION-CENTRO-DE-SALUD-LA-TRINIDAD-scaled.jpg 2560w, https:\/\/clinicaguane.gov.co\/guane\/wp-content\/uploads\/2025\/12\/HORARIO-DE-ATENCION-CENTRO-DE-SALUD-LA-TRINIDAD-300x168.jpg 300w, https:\/\/clinicaguane.gov.co\/guane\/wp-content\/uploads\/2025\/12\/HORARIO-DE-ATENCION-CENTRO-DE-SALUD-LA-TRINIDAD-1024x572.jpg 1024w, https:\/\/clinicaguane.gov.co\/guane\/wp-content\/uploads\/2025\/12\/HORARIO-DE-ATENCION-CENTRO-DE-SALUD-LA-TRINIDAD-768x429.jpg 768w, https:\/\/clinicaguane.gov.co\/guane\/wp-content\/uploads\/2025\/12\/HORARIO-DE-ATENCION-CENTRO-DE-SALUD-LA-TRINIDAD-1536x858.jpg 1536w, https:\/\/clinicaguane.gov.co\/guane\/wp-content\/uploads\/2025\/12\/HORARIO-DE-ATENCION-CENTRO-DE-SALUD-LA-TRINIDAD-2048x1145.jpg 2048w, https:\/\/clinicaguane.gov.co\/guane\/wp-content\/uploads\/2025\/12\/HORARIO-DE-ATENCION-CENTRO-DE-SALUD-LA-TRINIDAD-640x358.jpg 640w, https:\/\/clinicaguane.gov.co\/guane\/wp-content\/uploads\/2025\/12\/HORARIO-DE-ATENCION-CENTRO-DE-SALUD-LA-TRINIDAD-400x224.jpg 400w, https:\/\/clinicaguane.gov.co\/guane\/wp-content\/uploads\/2025\/12\/HORARIO-DE-ATENCION-CENTRO-DE-SALUD-LA-TRINIDAD-367x205.jpg 367w\" sizes=\"(max-width: 2560px) 100vw, 2560px\" \/><\/a><\/p>\n<h3 style=\"text-align: center;\"><strong>HORARIO DE ATENCI\u00d3N CENTRO DE SALUD REPOSO<\/strong><\/h3>\n<p><a href=\"http:\/\/clinicaguane.gov.co\/guane\/wp-content\/uploads\/2025\/12\/HORARIO-DE-ATENCION-CENTRO-DE-SALUD-REPOSO-scaled.jpg\"><img loading=\"lazy\" id=\"longdesc-return-12108\" class=\"size-full wp-image-12108\" tabindex=\"-1\" src=\"http:\/\/clinicaguane.gov.co\/guane\/wp-content\/uploads\/2025\/12\/HORARIO-DE-ATENCION-CENTRO-DE-SALUD-REPOSO-scaled.jpg\" alt=\"HORARIO DE ATENCI\u00d3N CENTRO DE SALUD REPOSO\" width=\"2560\" height=\"1431\" longdesc=\"https:\/\/clinicaguane.gov.co\/guane?longdesc=12108&amp;referrer=3809\" srcset=\"https:\/\/clinicaguane.gov.co\/guane\/wp-content\/uploads\/2025\/12\/HORARIO-DE-ATENCION-CENTRO-DE-SALUD-REPOSO-scaled.jpg 2560w, https:\/\/clinicaguane.gov.co\/guane\/wp-content\/uploads\/2025\/12\/HORARIO-DE-ATENCION-CENTRO-DE-SALUD-REPOSO-300x168.jpg 300w, https:\/\/clinicaguane.gov.co\/guane\/wp-content\/uploads\/2025\/12\/HORARIO-DE-ATENCION-CENTRO-DE-SALUD-REPOSO-1024x572.jpg 1024w, https:\/\/clinicaguane.gov.co\/guane\/wp-content\/uploads\/2025\/12\/HORARIO-DE-ATENCION-CENTRO-DE-SALUD-REPOSO-768x429.jpg 768w, https:\/\/clinicaguane.gov.co\/guane\/wp-content\/uploads\/2025\/12\/HORARIO-DE-ATENCION-CENTRO-DE-SALUD-REPOSO-1536x858.jpg 1536w, https:\/\/clinicaguane.gov.co\/guane\/wp-content\/uploads\/2025\/12\/HORARIO-DE-ATENCION-CENTRO-DE-SALUD-REPOSO-2048x1145.jpg 2048w, https:\/\/clinicaguane.gov.co\/guane\/wp-content\/uploads\/2025\/12\/HORARIO-DE-ATENCION-CENTRO-DE-SALUD-REPOSO-640x358.jpg 640w, https:\/\/clinicaguane.gov.co\/guane\/wp-content\/uploads\/2025\/12\/HORARIO-DE-ATENCION-CENTRO-DE-SALUD-REPOSO-400x224.jpg 400w, https:\/\/clinicaguane.gov.co\/guane\/wp-content\/uploads\/2025\/12\/HORARIO-DE-ATENCION-CENTRO-DE-SALUD-REPOSO-367x205.jpg 367w\" sizes=\"(max-width: 2560px) 100vw, 2560px\" \/><\/a><\/p>\n<h3 style=\"text-align: center;\"><strong>HORARIO DE ATENCI\u00d3N CENTRO DE SALUD VILLABEL<\/strong><\/h3>\n<p><a href=\"http:\/\/clinicaguane.gov.co\/guane\/wp-content\/uploads\/2025\/12\/HORARIO-DE-ATENCION-CENTRO-DE-SALUD-VILLABEL-scaled.jpg\"><img loading=\"lazy\" id=\"longdesc-return-12109\" class=\"size-full wp-image-12109\" tabindex=\"-1\" src=\"http:\/\/clinicaguane.gov.co\/guane\/wp-content\/uploads\/2025\/12\/HORARIO-DE-ATENCION-CENTRO-DE-SALUD-VILLABEL-scaled.jpg\" alt=\"HORARIO DE ATENCI\u00d3N CENTRO DE SALUD VILLABEL\" width=\"2560\" height=\"1431\" longdesc=\"https:\/\/clinicaguane.gov.co\/guane?longdesc=12109&amp;referrer=3809\" srcset=\"https:\/\/clinicaguane.gov.co\/guane\/wp-content\/uploads\/2025\/12\/HORARIO-DE-ATENCION-CENTRO-DE-SALUD-VILLABEL-scaled.jpg 2560w, https:\/\/clinicaguane.gov.co\/guane\/wp-content\/uploads\/2025\/12\/HORARIO-DE-ATENCION-CENTRO-DE-SALUD-VILLABEL-300x168.jpg 300w, https:\/\/clinicaguane.gov.co\/guane\/wp-content\/uploads\/2025\/12\/HORARIO-DE-ATENCION-CENTRO-DE-SALUD-VILLABEL-1024x572.jpg 1024w, https:\/\/clinicaguane.gov.co\/guane\/wp-content\/uploads\/2025\/12\/HORARIO-DE-ATENCION-CENTRO-DE-SALUD-VILLABEL-768x429.jpg 768w, https:\/\/clinicaguane.gov.co\/guane\/wp-content\/uploads\/2025\/12\/HORARIO-DE-ATENCION-CENTRO-DE-SALUD-VILLABEL-1536x858.jpg 1536w, https:\/\/clinicaguane.gov.co\/guane\/wp-content\/uploads\/2025\/12\/HORARIO-DE-ATENCION-CENTRO-DE-SALUD-VILLABEL-2048x1145.jpg 2048w, https:\/\/clinicaguane.gov.co\/guane\/wp-content\/uploads\/2025\/12\/HORARIO-DE-ATENCION-CENTRO-DE-SALUD-VILLABEL-640x358.jpg 640w, https:\/\/clinicaguane.gov.co\/guane\/wp-content\/uploads\/2025\/12\/HORARIO-DE-ATENCION-CENTRO-DE-SALUD-VILLABEL-400x224.jpg 400w, https:\/\/clinicaguane.gov.co\/guane\/wp-content\/uploads\/2025\/12\/HORARIO-DE-ATENCION-CENTRO-DE-SALUD-VILLABEL-367x205.jpg 367w\" sizes=\"(max-width: 2560px) 100vw, 2560px\" \/><\/a><\/p>\n","protected":false},"excerpt":{"rendered":"<p>HORARIO DE ATENCI\u00d3N CENTRO DE SALUD CUMBRE HORARIO DE ATENCI\u00d3N CENTRO DE SALUD JOSE A MORALES \u00a0 HORARIO DE ATENCI\u00d3N CENTRO DE SALUD LA TRINIDAD HORARIO DE ATENCI\u00d3N CENTRO DE SALUD REPOSO HORARIO DE ATENCI\u00d3N CENTRO DE SALUD VILLABEL<\/p>\n","protected":false},"author":2,"featured_media":12086,"parent":0,"menu_order":0,"comment_status":"open","ping_status":"open","template":"","meta":{"_exactmetrics_skip_tracking":false,"_exactmetrics_sitenote_active":false,"_exactmetrics_sitenote_note":"","_exactmetrics_sitenote_category":0},"_links":{"self":[{"href":"https:\/\/clinicaguane.gov.co\/guane\/wp-json\/wp\/v2\/pages\/3809"}],"collection":[{"href":"https:\/\/clinicaguane.gov.co\/guane\/wp-json\/wp\/v2\/pages"}],"about":[{"href":"https:\/\/clinicaguane.gov.co\/guane\/wp-json\/wp\/v2\/types\/page"}],"author":[{"embeddable":true,"href":"https:\/\/clinicaguane.gov.co\/guane\/wp-json\/wp\/v2\/users\/2"}],"replies":[{"embeddable":true,"href":"https:\/\/clinicaguane.gov.co\/guane\/wp-json\/wp\/v2\/comments?post=3809"}],"version-history":[{"count":8,"href":"https:\/\/clinicaguane.gov.co\/guane\/wp-json\/wp\/v2\/pages\/3809\/revisions"}],"predecessor-version":[{"id":12110,"href":"https:\/\/clinicaguane.gov.co\/guane\/wp-json\/wp\/v2\/pages\/3809\/revisions\/12110"}],"wp:featuredmedia":[{"embeddable":true,"href":"https:\/\/clinicaguane.gov.co\/guane\/wp-json\/wp\/v2\/media\/12086"}],"wp:attachment":[{"href":"https:\/\/clinicaguane.gov.co\/guane\/wp-json\/wp\/v2\/media?parent=3809"}],"curies":[{"name":"wp","href":"https:\/\/api.w.org\/{rel}","templated":true}]}}