{"id":530,"date":"2011-12-26T17:06:47","date_gmt":"2011-12-26T17:06:47","guid":{"rendered":"http:\/\/clinicaguane.gov.co\/guane\/siteguane\/?page_id=530"},"modified":"2016-05-04T22:35:50","modified_gmt":"2016-05-05T03:35:50","slug":"citologias","status":"publish","type":"page","link":"https:\/\/clinicaguane.gov.co\/guane\/servicios\/prevencion-y-promcion\/citologias\/","title":{"rendered":"Citolog\u00edas"},"content":{"rendered":"<h4 style=\"text-align: justify;\"><img loading=\"lazy\" class=\"alignleft\" src=\"http:\/\/www.climer.com.sv\/wp-content\/uploads\/2014\/12\/panthermedia_A6082832_3738x2492.jpg\" width=\"205\" height=\"137\" \/>El objetivo es la detecci\u00f3n temprana del c\u00e1ncer de cuello uterino. Esta dirigida a las mujeres entre 25 y 69 a\u00f1os o menores de 25 con vida sexual activa. Busca encontrar lesiones en estadios tempranos las cuales con manejo adecuado por especialistas pueden ser tratadas y curadas.<\/h4>\n","protected":false},"excerpt":{"rendered":"<p>El objetivo es la detecci\u00f3n temprana del c\u00e1ncer de cuello uterino. Esta dirigida a las mujeres entre 25 y 69 a\u00f1os o menores de 25 con vida sexual activa. Busca encontrar lesiones en estadios tempranos las cuales con manejo adecuado por especialistas pueden ser tratadas y curadas.<\/p>\n","protected":false},"author":1,"featured_media":0,"parent":102,"menu_order":0,"comment_status":"closed","ping_status":"open","template":"","meta":{"_exactmetrics_skip_tracking":false,"_exactmetrics_sitenote_active":false,"_exactmetrics_sitenote_note":"","_exactmetrics_sitenote_category":0},"_links":{"self":[{"href":"https:\/\/clinicaguane.gov.co\/guane\/wp-json\/wp\/v2\/pages\/530"}],"collection":[{"href":"https:\/\/clinicaguane.gov.co\/guane\/wp-json\/wp\/v2\/pages"}],"about":[{"href":"https:\/\/clinicaguane.gov.co\/guane\/wp-json\/wp\/v2\/types\/page"}],"author":[{"embeddable":true,"href":"https:\/\/clinicaguane.gov.co\/guane\/wp-json\/wp\/v2\/users\/1"}],"replies":[{"embeddable":true,"href":"https:\/\/clinicaguane.gov.co\/guane\/wp-json\/wp\/v2\/comments?post=530"}],"version-history":[{"count":2,"href":"https:\/\/clinicaguane.gov.co\/guane\/wp-json\/wp\/v2\/pages\/530\/revisions"}],"predecessor-version":[{"id":4600,"href":"https:\/\/clinicaguane.gov.co\/guane\/wp-json\/wp\/v2\/pages\/530\/revisions\/4600"}],"up":[{"embeddable":true,"href":"https:\/\/clinicaguane.gov.co\/guane\/wp-json\/wp\/v2\/pages\/102"}],"wp:attachment":[{"href":"https:\/\/clinicaguane.gov.co\/guane\/wp-json\/wp\/v2\/media?parent=530"}],"curies":[{"name":"wp","href":"https:\/\/api.w.org\/{rel}","templated":true}]}}