{"id":6418,"date":"2020-10-12T23:42:31","date_gmt":"2020-10-13T04:42:31","guid":{"rendered":"http:\/\/clinicaguane.gov.co\/guane\/?page_id=6418"},"modified":"2022-09-27T13:36:58","modified_gmt":"2022-09-27T18:36:58","slug":"areas-responsables-de-la-orientacion-y-vigilancia-para-su-cumplimiento","status":"publish","type":"page","link":"https:\/\/clinicaguane.gov.co\/guane\/areas-responsables-de-la-orientacion-y-vigilancia-para-su-cumplimiento\/","title":{"rendered":"\u00c1reas responsables de la orientaci\u00f3n y vigilancia para su cumplimiento"},"content":{"rendered":"\n<p>El \u00e1rea responsable de orientar el cumplimiento de la implementaci\u00f3n de la pol\u00edtica\u00a0 y planes\u00a0 es la Oficina\u00a0 de Planeaci\u00f3n (Calidad-auditor\u00eda m\u00e9dica)\u00a0<\/p>\n<p>El \u00e1rea encargada de vigilar el cumplimiento de la implementaci\u00f3n de dichas\u00a0 pol\u00edticas y planes\u00a0 es la Oficina de Control Interno<\/p>\n","protected":false},"excerpt":{"rendered":"<p>El \u00e1rea responsable de orientar el cumplimiento de la implementaci\u00f3n de la pol\u00edtica\u00a0 y planes\u00a0 es la Oficina\u00a0 de Planeaci\u00f3n (Calidad-auditor\u00eda m\u00e9dica)\u00a0 El \u00e1rea encargada de vigilar el cumplimiento de la implementaci\u00f3n de dichas\u00a0 pol\u00edticas y planes\u00a0 es la Oficina de Control Interno<\/p>\n","protected":false},"author":2,"featured_media":0,"parent":0,"menu_order":0,"comment_status":"closed","ping_status":"closed","template":"","meta":{"_exactmetrics_skip_tracking":false,"_exactmetrics_sitenote_active":false,"_exactmetrics_sitenote_note":"","_exactmetrics_sitenote_category":0},"_links":{"self":[{"href":"https:\/\/clinicaguane.gov.co\/guane\/wp-json\/wp\/v2\/pages\/6418"}],"collection":[{"href":"https:\/\/clinicaguane.gov.co\/guane\/wp-json\/wp\/v2\/pages"}],"about":[{"href":"https:\/\/clinicaguane.gov.co\/guane\/wp-json\/wp\/v2\/types\/page"}],"author":[{"embeddable":true,"href":"https:\/\/clinicaguane.gov.co\/guane\/wp-json\/wp\/v2\/users\/2"}],"replies":[{"embeddable":true,"href":"https:\/\/clinicaguane.gov.co\/guane\/wp-json\/wp\/v2\/comments?post=6418"}],"version-history":[{"count":2,"href":"https:\/\/clinicaguane.gov.co\/guane\/wp-json\/wp\/v2\/pages\/6418\/revisions"}],"predecessor-version":[{"id":8022,"href":"https:\/\/clinicaguane.gov.co\/guane\/wp-json\/wp\/v2\/pages\/6418\/revisions\/8022"}],"wp:attachment":[{"href":"https:\/\/clinicaguane.gov.co\/guane\/wp-json\/wp\/v2\/media?parent=6418"}],"curies":[{"name":"wp","href":"https:\/\/api.w.org\/{rel}","templated":true}]}}